{"id":130,"date":"2020-09-15T06:48:39","date_gmt":"2020-09-15T06:48:39","guid":{"rendered":"http:\/\/simonmehling.de\/?page_id=130"},"modified":"2025-09-23T15:13:43","modified_gmt":"2025-09-23T15:13:43","slug":"projects","status":"publish","type":"page","link":"https:\/\/simonmehling.de\/","title":{"rendered":"Projekte\/Projects"},"content":{"rendered":"\n<div class=\"wp-block-cover alignfull is-light\" style=\"min-height:708px\"><span aria-hidden=\"true\" class=\"wp-block-cover__background has-background-dim-0 has-background-dim\" style=\"background-color:#000000\"><\/span><img decoding=\"async\" loading=\"lazy\" width=\"2560\" height=\"1707\" class=\"wp-block-cover__image-background wp-image-578\" alt=\"\" src=\"http:\/\/simonmehling.de\/wp-content\/uploads\/2023\/01\/DSC_7557-scaled.jpg\" style=\"object-position:52% 38%\" data-object-fit=\"cover\" data-object-position=\"52% 38%\" srcset=\"https:\/\/simonmehling.de\/wp-content\/uploads\/2023\/01\/DSC_7557-scaled.jpg 2560w, https:\/\/simonmehling.de\/wp-content\/uploads\/2023\/01\/DSC_7557-300x200.jpg 300w, https:\/\/simonmehling.de\/wp-content\/uploads\/2023\/01\/DSC_7557-1024x683.jpg 1024w, https:\/\/simonmehling.de\/wp-content\/uploads\/2023\/01\/DSC_7557-768x512.jpg 768w, https:\/\/simonmehling.de\/wp-content\/uploads\/2023\/01\/DSC_7557-1536x1024.jpg 1536w, https:\/\/simonmehling.de\/wp-content\/uploads\/2023\/01\/DSC_7557-2048x1365.jpg 2048w, https:\/\/simonmehling.de\/wp-content\/uploads\/2023\/01\/DSC_7557-1200x800.jpg 1200w, https:\/\/simonmehling.de\/wp-content\/uploads\/2023\/01\/DSC_7557-1980x1320.jpg 1980w\" sizes=\"(max-width: 2560px) 100vw, 2560px\" \/><div class=\"wp-block-cover__inner-container\">\n<p class=\"has-text-align-center has-large-font-size\"><\/p>\n<\/div><\/div>\n\n\n\n<div class=\"is-layout-flex wp-container-6 wp-block-columns alignwide\">\n<div class=\"is-layout-flow wp-block-column is-vertically-aligned-top has-small-font-size\" style=\"flex-basis:100%\">\n<h2 class=\"has-text-align-center\">o.T.<\/h2>\n\n\n\nngg_shortcode_0_placeholder\n\n\n\n<h2 class=\"has-text-align-center\">Randposten<\/h2>\n\n\n\nngg_shortcode_1_placeholder\n\n\n\n<h2 class=\"has-text-align-center\">Touristenwache<\/h2>\n\n\n\nngg_shortcode_2_placeholder\n\n\n\n<h2 class=\"has-text-align-center\">Wegweiser<\/h2>\n\n\n\nngg_shortcode_3_placeholder\n\n\n\n<h2 class=\"has-text-align-center\">Mehrzweckmauer<\/h2>\n\n\n\nngg_shortcode_4_placeholder\n\n\n\n<h2 class=\"has-text-align-center\">Grauzone<\/h2>\n\n\n\nngg_shortcode_5_placeholder\n\n\n\n<h2 class=\"has-text-align-center\">St\u00fcck f\u00fcr St\u00fcck<\/h2>\n\n\n\nngg_shortcode_6_placeholder\n\n\n\n<h2 class=\"has-text-align-center\">Springbrunnen<\/h2>\n\n\n\nngg_shortcode_7_placeholder\n<\/div>\n\n\n\n<div class=\"is-layout-flow wp-block-column\" style=\"flex-basis:100%\">\n<h2 class=\"has-text-align-center\">o.T.<\/h2>\n\n\n\nngg_shortcode_8_placeholder\n\n\n\n<h2 class=\"has-text-align-center\">Kettenproduktion<\/h2>\n\n\n\nngg_shortcode_9_placeholder\n\n\n\n<h2 class=\"has-text-align-center\">Standhaft<\/h2>\n\n\n\nngg_shortcode_10_placeholder\n\n\n\n<h2 class=\"has-text-align-center\">Einzelhaush\u00e4lfte<\/h2>\n\n\n\n<div class=\"is-layout-constrained wp-block-group\"><div class=\"wp-block-group__inner-container\">\nngg_shortcode_11_placeholder\n\n\n\n<h2 class=\"has-text-align-center\">Platzmangel 3<\/h2>\n\n\n\nngg_shortcode_12_placeholder\n<\/div><\/div>\n\n\n\n<div class=\"is-layout-constrained wp-block-group\"><div class=\"wp-block-group__inner-container\">\n<h2 class=\"has-text-align-center\">Modulbau<\/h2>\n\n\n\nngg_shortcode_13_placeholder\n<\/div><\/div>\n\n\n\n<h2 class=\"has-text-align-center\">Platzmangel<\/h2>\n\n\n\nngg_shortcode_14_placeholder\n\n\n\n<div class=\"is-layout-constrained wp-block-group\"><div class=\"wp-block-group__inner-container\"><\/div><\/div>\n<\/div>\n<\/div>\n\n\n\n<h2><\/h2>\n\n\n\n\n\n<p><\/p>\n\n\n\n<h2><\/h2>\n","protected":false},"excerpt":{"rendered":"<p>o.T. Randposten Touristenwache Wegweiser Mehrzweckmauer Grauzone St\u00fcck f\u00fcr St\u00fcck Springbrunnen o.T. Kettenproduktion Standhaft Einzelhaush\u00e4lfte Platzmangel 3 Modulbau Platzmangel<\/p>\n","protected":false},"author":1,"featured_media":0,"parent":0,"menu_order":0,"comment_status":"closed","ping_status":"closed","template":"","meta":{"om_disable_all_campaigns":false,"_monsterinsights_skip_tracking":false,"_monsterinsights_sitenote_active":false,"_monsterinsights_sitenote_note":"","_monsterinsights_sitenote_category":0,"ngg_post_thumbnail":0},"aioseo_notices":[],"_links":{"self":[{"href":"https:\/\/simonmehling.de\/index.php?rest_route=\/wp\/v2\/pages\/130"}],"collection":[{"href":"https:\/\/simonmehling.de\/index.php?rest_route=\/wp\/v2\/pages"}],"about":[{"href":"https:\/\/simonmehling.de\/index.php?rest_route=\/wp\/v2\/types\/page"}],"author":[{"embeddable":true,"href":"https:\/\/simonmehling.de\/index.php?rest_route=\/wp\/v2\/users\/1"}],"replies":[{"embeddable":true,"href":"https:\/\/simonmehling.de\/index.php?rest_route=%2Fwp%2Fv2%2Fcomments&post=130"}],"version-history":[{"count":119,"href":"https:\/\/simonmehling.de\/index.php?rest_route=\/wp\/v2\/pages\/130\/revisions"}],"predecessor-version":[{"id":1144,"href":"https:\/\/simonmehling.de\/index.php?rest_route=\/wp\/v2\/pages\/130\/revisions\/1144"}],"wp:attachment":[{"href":"https:\/\/simonmehling.de\/index.php?rest_route=%2Fwp%2Fv2%2Fmedia&parent=130"}],"curies":[{"name":"wp","href":"https:\/\/api.w.org\/{rel}","templated":true}]}}